z?
False
Let g(f) = -9*f + 18. Let h be g(-16). Suppose 0 = -4*r - 24 + 36. Suppose -243 - h = -r*x. Does 27 divide x?
True
Let o(s) = s**3 + 23*s**2 - 112*s - 45. Is o(-27) a multiple of 3?
True
Let g = 140 - 100. Is 5 a factor of 7/(28/g)*2/1?
True
Suppose 9*o - 19*o + 5630 = 0. Suppose 3*q - o = x, 4*x + 148 + 36 = q. Is q a multiple of 47?
True
Suppose 0 = -28*d + 17*d. Suppose d = -k + 4*k - t - 1910, -4*k - 4*t = -2536. Is 12 a factor of k?
True
Let t = 73336 - 5605. Is 211 a factor of t?
True
Let s(u) be the second derivative of -u**5/20 + 5*u**4/12 + 29*u**3/6 + 8*u**2 + 5*u + 5. Is s(8) a multiple of 4?
True
Let l(i) = 2*i + 35. Let m be l(-15). Suppose m*d - 4*d - 12 = t, 4*t + 24 = d. Let x(f) = f**2 - f - 6. Does 24 divide x(d)?
False
Let k(p) = p**2 + 6*p - 14. Let j be (-5)/(-1)*12*12/(-90). Let t be k(j). Let x(d) = 17*d + 16. Does 4 divide x(t)?
False
Let j = -836 - -347. Let d = j + 1413. Is d a multiple of 7?
True
Let v = -45 - -48. Let x be (v/(-6))/((-9)/15426). Suppose -5*w - 217 = -x. Is w a multiple of 28?
False
Let m = -3647 - -4841. Is m a multiple of 8?
False
Let b(w) = 55*w**2 - 14*w + 64. Is 112 a factor of b(8)?
True
Suppose -193*f + 363555 + 928691 + 1033597 = 0. Does 33 divide f?
False
Let y(j) = 2*j + 4. Suppose 23*g - 29*g + 30 = 0. Let i be 1/g - (-1 + 416/(-20)). Does 16 divide y(i)?
True
Let m = -2097 + 2971. Does 4 divide m?
False
Let c(l) = 192*l**2 + 12*l - 15. Let x be c(-6). Suppose 15*m = -10*m + x. Is m a multiple of 25?
False
Let r = -4016 - -7182. Does 16 divide r?
False
Suppose -230*b + 225*b = 2*x - 8760, -4*x = -5*b - 17580. Is x a multiple of 5?
True
Let c(h) = h**2 - 3*h + 1. Let k be c(4). Suppose -1554 = 309*s - 346*s. Suppose -k*i + 142 - s = -2*d, i - 20 = d. Is 6 a factor of i?
False
Suppose 116 = -5*y + 121. Is (y/3)/((-15)/(-2115)) a multiple of 2?
False
Let j = -5244 + 7640. Does 7 divide j?
False
Let h = -63 - -117. Suppose 5*a = -4*y + 195, -4*a = -3*y + 2*y + h. Is y a multiple of 4?
False
Does 18 divide (-33478)/(-15) + (-290)/(-2175)?
True
Let z(p) be the third derivative of 2*p**4/3 - 10*p**3/3 - 9*p**2. Let t(r) = 5*r**2 - r + 1. Let n be t(1). Is 12 a factor of z(n)?
True
Let i(g) = -62*g + 80. Let n be i(11). Let l = n + 1022. Is l a multiple of 34?
False
Let s = 492 + -125. Let z = s - 143. Is z a multiple of 4?
True
Let h(f) = -25*f**2 + 3*f - 127. Let b(o) = 12*o**2 - o + 62. Let k(s) = 13*b(s) + 6*h(s). Does 12 divide k(14)?
False
Let w(o) be the second derivative of -17*o**5/20 + o**4/6 + o**2 + 11*o. Is 73 a factor of w(-2)?
True
Let z be (3 - 2)*(6 + 15). Suppose 226 = -z*n + 5476. Does 25 divide n?
True
Suppose -4*q = -h - 9133, -6*q + 6826 = -3*q + 4*h. Does 7 divide q?
True
Let q(o) be the third derivative of -o**5/60 + 13*o**4/8 - 140*o**3/3 + 94*o**2 + 2*o. Does 30 divide q(26)?
False
Let i(k) be the second derivative of k**4/12 - k**3/3 + 6*k**2 - 14*k. Let q = 26 + -21. Is i(q) a multiple of 27?
True
Let p be (1*4 - -1)*(1 - -16). Suppose 2*x + 74 = 186. Let h = p - x. Does 28 divide h?
False
Let j = -95 - -89. Let g(f) = 5*f**2 + 7*f - 7. Let s be g(j). Let r = s + 33. Is 24 a factor of r?
False
Does 14 divide (-828)/(-207) - (-6)/((9/1916)/3)?
True
Let n(p) = -p**3 - 9*p**2 - 5*p - 42. Let x be n(-9). Suppose 0 = x*h - 5*r - 1092 + 213, -h - 2*r = -304. Is 49 a factor of h?
False
Let r be (-3 - (-260 + 3))*1. Suppose -i + r = -u, -4*i + 5*u - 1240 = -9*i. Does 41 divide i?
False
Let h(b) = b**2 + 3*b + 5. Let k be h(0). Let c(s) = 2*s**2 + 6*s + 5. Let a be c(k). Suppose -4*g = -8, 0*y + 5*y - a = 5*g. Is y a multiple of 6?
False
Suppose 4*u + 5*k = 143, 45*u - 47*u - k = -73. Let m be (-6)/(((-27)/6)/3). Suppose -u = -2*r + p, -3*r + m*r + p = 17. Is r a multiple of 5?
False
Let f(u) = 3*u + 2 + u + 240*u**2 - 2*u. Let k be (27/54)/((-4)/8). Does 53 divide f(k)?
False
Suppose 15 = 2*u - 5. Suppose 0 = 3*w + 103 - u. Let y = 73 + w. Does 21 divide y?
True
Let y(p) = p + 1. Let i(s) = -8*s + 4. Let h(m) = i(m) - 3*y(m). Let v be h(1). Does 15 divide (18/v)/((-8)/440)?
False
Let s be 112/18 - (-2)/(-9). Suppose 6*c - 1188 = -s*c. Is c a multiple of 7?
False
Suppose -2*y - 91 = 5*v, 2*v - 2 = -3*y - 45. Let p = v - -58. Suppose 3*t = 3*w + 180, 3*w = 2*t - p - 78. Does 5 divide t?
False
Let j = -25 + 25. Suppose -11*y + 17*y - 2640 = j. Is y a multiple of 53?
False
Let u(g) = 8*g - 3. Let w be u(1). Let k(d) = -d**3 + 13*d**2 + 12*d - 19. Is 37 a factor of k(w)?
False
Let u be (16/6)/((-14)/21). Let j(y) = -11*y. Is 3 a factor of j(u)?
False
Suppose -3 = -3*r + 2*x - 9, -9 = 4*r - 3*x. Suppose 2*p - 4*m = 0, -2 = 2*p + m - 12. Suppose -p*d - 5*d + 1125 = r. Does 25 divide d?
True
Suppose -8*r + 11604 = -2412. Suppose -1482 = -14*c + r. Is 21 a factor of c?
True
Suppose 43*g - 135392 = 232129. Is 33 a factor of g?
True
Let t(h) = -6*h**2 - h - 1. Let b be -2*(-6)/(-12)*-1. Let z be t(b). Does 25 divide z*(-3)/6*(-61)/(-2)?
False
Let u(b) be the second derivative of -13*b**3 - 39*b**2 - b - 100. Does 12 divide u(-7)?
True
Does 44 divide ((-42)/(-8))/(18/38016)?
True
Suppose 42*x - 223*x + 5410090 = 0. Is x a multiple of 10?
True
Let k be 18/(-12) - (1 + (-5)/2). Suppose 0 = -b - v + 136, 29*v - 34*v - 10 = k. Is 6 a factor of b?
True
Let h = -166 - -142. Let s = h + 21. Let f(y) = 11*y**2 + 4*y - 7. Is 11 a factor of f(s)?
False
Let o(i) = 2*i + 1630. Is 14 a factor of o(-108)?
True
Let o(l) = 190*l - 148*l - 88 + 13. Is 23 a factor of o(10)?
True
Let y(b) = 0*b + 37 - 3*b - b. Let j be y(-18). Suppose 0 = 3*m - j - 167. Does 23 divide m?
True
Suppose 0 = -2*j + 350 + 914. Does 4 divide j?
True
Let a(f) = f**3 + 14*f**2 + 11*f - 16. Let y be a(-13). Let k be 5/(y/(-16)) + 2. Does 10 divide 715/33 + 4/k?
False
Suppose -4*q = -340 - 60. Is 6 a factor of 8/6*15/40*q?
False
Suppose -50*q + 2*q = 3888. Let z be 2*(-2)/(-4) + 153. Let r = q + z. Does 19 divide r?
False
Suppose -481*r + 539*r - 443758 = 0. Does 153 divide r?
False
Let q(x) = -18*x - 11. Let m = 46 - 22. Suppose 5*u + 0*g + 2*g = -2, 2*u = 5*g - m. Is q(u) a multiple of 22?
False
Let h(z) = -2*z**2 + 12*z + 56. Let w be h(9). Is 48 a factor of w/(-33)*3 - 97451/(-253)?
False
Suppose -2*l + 5*w = -80, 135 = 4*l + w - 69. Suppose -l*j - 80 = -55*j. Does 9 divide j?
False
Let d(b) be the second derivative of -15*b**3/2 - 345*b**2/2 - 2*b + 16. Is d(-31) a multiple of 42?
True
Let m = -22 + 29. Let z be (-4)/((-8)/(-6)) + m. Does 18 divide 199/2 + 2/z?
False
Suppose -13*k - 36 = -19*k. Suppose 4*d - 988 = 2*j, -j - 225 = -d - k*j. Is 25 a factor of d?
False
Let w(k) = 3*k**2 - 115*k - 797. Is 17 a factor of w(-55)?
True
Let i = -14885 + 23244. Does 39 divide i?
False
Let m(t) = -4*t**2 + 18*t + 4015. Is 2 a factor of m(0)?
False
Let l(t) = -t**2 + 52*t - 422. Let n be l(71). Suppose 5*s = 3*w - 5, -4*s + 6*w - 3*w = 4. Is 29 a factor of (n/(-22))/(2/(-4)*s)?
False
Suppose 0 = -1693*l + 1286*l + 874643. Is l a multiple of 7?
True
Let v be 0 - -11 - -1 - (-4 + 6). Let p = v - 10. Suppose j - 34 - 14 = p. Is 6 a factor of j?
True
Let s = 348 + 133. Suppose -61 + s = 10*p. Is p a multiple of 14?
True
Suppose p = 4, -6*m + 71 = -3*m + 5*p. Suppose m*i + 11*i - 2912 = 0. Is 26 a factor of i?
True
Let v = 16492 + -9019. Is 47 a factor of v?
True
Suppose -5327 + 34607 = 10*x. Is 48 a factor of x?
True
Suppose 33*y - 28*y = 65. Suppose 4*o + y = 741. Is o a multiple of 24?
False
Suppose -7*s + 1512 = -0*s - 19*s. Let l(y) = 9*y**3 + 2*y**2 - 1. Let k be l(-3). Let v = s - k. Does 20 divide v?
True
Does 5 divide (14 + 13622/8)*4?
False
Let j be 8/(-6)*(-27)/18. Is 12 a factor of -2*(-6)/(-4) - (-317 + j)?
True
Let a(v) = 2*v**2 + 12*v - 1. Let r(c) = -6*c**3 - 2*c**2 + 3*c - 5. Let d be r(2). Let l be 485/d + (-4)/22. Is a(l) a multiple of 7?
False
Let f(b) = 367*b**2 + 63*b + 374. Does 13 divide f(-6)?
True
Suppose 5*g + 9*g = 14327 + 14023. Is g a multiple of 45?
True
Suppose 902*q + 64428 = 916*q. Does 59 divide q?
True
Let z be 4 + 4/(-3 + -1). Suppose q = -8*f + 5*f + 1512, -1512 = -z*f + 2*q. Does 42 divide f?
True
Let v(q) = 8*q**2 - 95*q - 1185. Is v(-51) a multiple of 71?
False
Let o(u) = 61*u**2 + 2*u - 2. Let q(i) = -i**2 + 20*i - 98. Let p be q(11). Does 16 divide o(p)?
False
Let m(v) = -1814*v - 3571. Is